e 13?
-2bc59a
Convert -114234400 (base 5) to base 10.
-539975
Convert 31478 (base 12) to base 7.
356231
-823025 (base 14) to base 10
-4387689
What is 143003230 (base 5) in base 2?
10110111001101101000
Convert 9b1b2 (base 12) to base 14.
5507c
-1231211 (base 5) to base 12
-11a23
Convert 3320120021 (base 4) to base 11.
635397
109804 (base 13) to base 7
3223042
-26203064 (base 7) to base 12
-971905
Convert 10011022021200 (base 3) to base 12.
68b846
310233000 (base 4) to base 10
216000
What is 10000100100000110010 (base 2) in base 11?
340878
What is 100201202212 (base 3) in base 12?
92a35
-834b08 (base 16) to base 3
-121012011001101
What is 4515324 (base 7) in base 12?
22b540
What is -15005145 (base 6) in base 9?
-863512
Convert -2802350 (base 11) to base 9.
-10077748
-24a431 (base 12) to base 7
-5041621
Convert 2a1816 (base 14) to base 3.
2202101102102
4bc5bd (base 15) to base 3
20211201220021
What is -2f92 (base 16) in base 4?
-2332102
2214031 (base 7) to base 11
176986
What is 104388 (base 15) in base 12?
313892
Convert -1aa39 (base 14) to base 9.
-113077
Convert 21122303 (base 6) to base 5.
124224224
What is -a6052 (base 15) in base 12?
-214895
204551 (base 6) to base 16
40f3
What is -11010010200201 (base 3) in base 11?
-1264561
What is 33686 (base 14) in base 12?
6025a
What is e3b93 (base 16) in base 5?
214322010
What is 1533c2 (base 14) in base 9?
1345513
Convert -1101270 (base 9) to base 8.
-2203124
13c9e43 (base 15) to base 11
8094214
Convert -12002000020 (base 3) to base 11.
-6904a
124031312 (base 6) to base 16
25157c
-37a35a1 (base 11) to base 10
-6593159
What is -20211110200010 (base 3) in base 13?
-9a1889
What is 3023a17 (base 11) in base 3?
101001202201000
Convert 5b60 (base 16) to base 12.
11654
What is 134c3a (base 14) in base 9?
1225172
Convert -b46b (base 15) to base 6.
-452302
122130 (base 11) to base 8
571175
-6060554 (base 7) to base 2
-10101111111011001000
What is -9691 (base 16) in base 12?
-1a381
What is 2477416 (base 9) in base 14?
272207
-a465b (base 15) to base 5
-113134221
Convert -20200022100 (base 3) to base 10.
-131445
Convert 1001000111000001100 (base 2) to base 8.
1107014
What is -865652 (base 9) in base 12?
-20a6a8
10111100111111111 (base 2) to base 6
2023555
What is d490b (base 14) in base 3?
222000112212
Convert 40825 (base 14) to base 13.
55896
41363741 (base 8) to base 11
4a54303
-44b67 (base 16) to base 14
-747d5
-54a5a (base 12) to base 6
-2222554
Convert -2201203 (base 5) to base 2.
-1001001100101110
Convert 1bbfd (base 16) to base 14.
2d5c9
Convert 1001000111100100000 (base 2) to base 4.
1020330200
What is -3349925 (base 10) in base 14?
-632b65
What is -e856 (base 15) in base 4?
-23333223
Convert -22012100021200 (base 3) to base 2.
-10000100111101001100111
Convert 30335 (base 10) to base 4.
13121333
What is 211320235 (base 6) in base 12?
12b007b
421909 (base 14) to base 6
115504153
42373654 (base 8) to base 11
51162a1
6055063 (base 7) to base 13
1c2745
What is 1301025 (base 6) in base 9?
116278
What is -220201331 (base 4) in base 5?
-20303023
Convert -171503 (base 15) to base 7.
-12335133
Convert -378316 (base 12) to base 14.
-19820a
What is 11001101110000011010101 (base 2) in base 4?
121232003111
Convert -211012011121001 (base 3) to base 6.
-1100435214
Convert -6c9bdd (base 14) to base 4.
-32022332213
7e6771 (base 15) to base 16
5c4262
Convert 4c15 (base 16) to base 8.
46025
What is -5451214 (base 6) in base 13?
-96568
What is 45b0a1 (base 15) in base 16?
32c79d
1011001110111010001 (base 2) to base 3
200200220122
Convert -1dc998 (base 15) to base 10.
-1460168
Convert 461bec (base 15) to base 12.
1155136
Convert 290c7 (base 13) to base 2.
10010110100000010
What is 10002020211 (base 4) in base 15?
15d42c
Convert 4640427 (base 8) to base 7.
13503566
Convert 21433 (base 10) to base 16.
53b9
-209a065 (base 11) to base 8
-16043520
121103010032 (base 4) to base 10
6631694
Convert 34710 (base 12) to base 5.
4221030
What is -1101111010001110110000 (base 2) in base 15?
-4c0624
634131 (base 7) to base 3
12120012010
What is -2423457 (base 8) in base 5?
-132243031
867d6 (base 16) to base 10
550870
-13250113 (base 6) to base 2
-1101011111001111101
Convert -101110110100001000 (base 2) to base 10.
-191752
Convert 3281ac (base 16) to base 11.
1960938
What is -6a6504 (base 11) in base 8?
-4216037
What is -59b66 (base 15) in base 9?
-475366
2122101012011 (base 3) to base 4
11112333322
What is 1899b0 (base 14) in base 8?
3246526
420401 (base 5) to base 9
21000
What is -12012222121 (base 3) in base 9?
-165877
Convert e35ed (base 15) to base 16.
afd5f
What is -2be71 (base 15) in base 7?
-1126630
111522134 (base 6) to base 4
13310002222
What is -570ba (base 13) in base 14?
-419bb
-31230412 (base 5) to base 3
-111010020011
What is -1a09182 (base 11) in base 2?
-1100111100101011010101
-4767473 (base 9) to base 7
-30651300
What is 543545 (base 7) in base 3?
11211020112
-369b (base 13) to base 4
-1320311
-1101000011001100001011 (base 2) to base 4
-31003030023
What is -17530 (base 10) in base 9?
-26037
-5758fd (base 16) to base 14
-a90229
-40674 (base 11) to base 7
-335044
What is 16235253 (base 9) in base 5?
4034111001
51505334 (base 6) to base 7
15430414
1100111011100110111 (base 2) to base 9
715226
Convert 220101112 (base 3) to base 14.
66a0
Convert -396484 (base 11) to base 9.
-1150230
Convert 234130322 (base 5) to base 10.
1083212
1d8c2 (base 14) to base 13
2868a
What is -235722 (base 9) in base 11?
-97773
Convert -55cb08 (base 13) to base 15.
-2a0b1b
-4ca020 (base 13) to base 11
-1053948
Convert -22201200212 (base 4) to base 8.
-12414046
141233223 (base 5) to base 10
727313
-315315 (base 6) to base 16
-64df
What is 13430 (base 14) in base 15?
e0ee
174861 (base 11) to base 4
1001321021
What is 1011010101100000011 (base 2) in base 13?
1000ca
-2033240202 (base 5) to base 13
-b3c026
Convert -11011001121221 (base 3) to base 15.
-2d8807
What is -5e543 (base 15) in base 7?
-2364123
What is c896a2 (base 14) in base 4?
121321002132
Convert 121591 (base 10) to base 13.
43462
-2043142 (base 6) to base 9
-161068
Convert 4762403 (base 8) to base 7.
14040125
Convert -13013110121 (base 4) to base 7.
-21565163
219761 (base 13) to base 6
24551302
What is -10000111000011001111101 (base 2) in base 12?
-1594b65
Convert 675999 (base 14) to base 13.
95c3c6
What is -5347614 (base 8) in base 7?
-15102212
Convert -10131032332 (base 4) to base 11.
-728858
-100011010111010001110 (base 2) to base 4
-10122322032
What is -100011111011100 (base 2) in base 5?
-1042041
Convert 30001131 (base 4) to base 6.
1015553
-41678 (base 11) to base 4
-32310202
-1166218 (base 10) to base 8
-4345612
-10446465 (base 7) to base 4
-3130120110
-13224344 (base 5) to base 10
-133099
-1169079 (base 10) to base 3
-2012101200020
830223 (base 10) to base 3
1120011212000
What is -47541 (base 10) in base 12?
-23619
2321010 (base 4) to base 14
4460
What is 10100211002 (base 3) in base 4?
100022132
-d940c (base 14) to base 16
-80264
What is -546825 (base 11) in base 7?
-10263415
-c31c42 (base 13) to base 14
-864730
What is 746a0 (base 14) in base 5?
32444304
What is 187ca7 (base 14) in base 3?
1122001002220
What is 502204154 (base 6) in base 3?
121000020121121
Convert 11401200 (base 8) to base 7.
30113262
-1111001000001011100 (base 2) to base 7
-4133133
What is 35c820 (base 14) in base 11?
1047527
What is -11111320222 (base 4) in base 9?
-2563837
Convert -31246b (base 12) to base 11.
-487585
What is -4054534 (base 7) in base 14?
-c868b
What is 155145 (base 6) in base 13?
7019
Convert -316603 (base 10) to base 7.
-2456020
What is 5a2c (base 16) in base 13?
a679
What is -102003122201 (base 4) in base 5?
-2202420302
157416 (base 8) to base 15
11dbc
12644700 (base 8) to base 13
784373
-17552 (base 8) to base 7
-32306
Convert -8333886 (base 10) to base 16.
-7f2a3e
ab86 (base 13) to base 16
5d83
Convert 4105261 (base 7) to base 9.
825121
2200120222 (base 3) to base 9
80528
Convert 231001210 (base 6) to base 8.
20144746
-15011252 (base 7) to base 6
-50153215
-10012020111200 (base 3) to base 4
-12132123021
Convert -547596b (base 12) to base 9.
-33228162
-2b38b6 (base 12) to base 6
-23405550
What is 49661a (base 15) in base 5?
1344433000
-3113214 (base 5) to base 9
-77032
What is 426140 (ba